{"id":110,"date":"2020-03-11T13:49:17","date_gmt":"2020-03-11T12:49:17","guid":{"rendered":"http:\/\/affordanse.fr\/?page_id=110"},"modified":"2024-03-10T13:43:14","modified_gmt":"2024-03-10T12:43:14","slug":"la-prof-marie-emilie","status":"publish","type":"page","link":"https:\/\/affordanse.fr\/index.php\/la-prof-marie-emilie\/","title":{"rendered":"La prof Marie-Emilie Cappel"},"content":{"rendered":"<div data-colibri-id=\"110-c1\" class=\"style-201 style-local-110-c1 position-relative\">\n  <!---->\n  <div data-colibri-component=\"section\" data-colibri-id=\"110-c2\" id=\"custom-2\" class=\"h-section h-section-global-spacing d-flex align-items-lg-center align-items-md-center align-items-center style-217 style-local-110-c2 position-relative\">\n    <!---->\n    <!---->\n    <div class=\"h-section-grid-container h-section-boxed-container\">\n      <!---->\n      <div data-colibri-id=\"110-c3\" class=\"h-row-container gutters-row-lg-3 gutters-row-md-3 gutters-row-0 gutters-row-v-lg-3 gutters-row-v-md-3 gutters-row-v-3 style-274 style-local-110-c3 position-relative\">\n        <!---->\n        <div class=\"h-row justify-content-lg-center justify-content-md-center justify-content-center align-items-lg-stretch align-items-md-stretch align-items-stretch gutters-col-lg-3 gutters-col-md-3 gutters-col-0 gutters-col-v-lg-3 gutters-col-v-md-3 gutters-col-v-3\">\n          <!---->\n          <div class=\"h-column h-column-container d-flex h-col-lg-auto h-col-md-auto h-col-auto style-275-outer style-local-110-c4-outer\">\n            <div data-colibri-id=\"110-c4\" class=\"d-flex h-flex-basis h-column__inner h-px-lg-2 h-px-md-2 h-px-2 v-inner-lg-2 v-inner-md-2 v-inner-2 style-275 style-local-110-c4 position-relative\">\n              <!---->\n              <!---->\n              <div class=\"w-100 h-y-container h-column__content h-column__v-align flex-basis-100 align-self-lg-start align-self-md-start align-self-start\">\n                <!---->\n                <div data-colibri-id=\"110-c5\" class=\"h-global-transition-all h-heading style-622 style-local-110-c5 position-relative h-element\">\n                  <!---->\n                  <div class=\"h-heading__outer style-622 style-local-110-c5\">\n                    <!---->\n                    <!---->\n                    <h2 class=\"\">Ne jamais arr\u00eater de danser<\/h2>\n                  <\/div>\n                <\/div>\n                <div data-colibri-id=\"110-c6\" class=\"h-text h-text-component style-276 style-local-110-c6 position-relative h-element\">\n                  <!---->\n                  <!---->\n                  <div class=\"\">\n                    <p>Marie-Emilie et Julien sont partenaires dans la vie comme dans la danse. Danseurs, comp\u00e9titeurs et enseignants en danses historiques, ils sont aussi dipl\u00f4m\u00e9s de la formation de l&rsquo;Institut de Formation en Danses de Soci\u00e9t\u00e9 de Toulouse.\n                      Passionn\u00e9s d&rsquo;histoire, de danse et de musique, ils transmettent et reconstituent les danses historiques du XIXe si\u00e8cle et du XXe si\u00e8cle.<\/p>\n                    <p>Comme la danse est un art en mouvement, ils cherchent&nbsp;\u00e0 diffuser leur conception de la danse historique et poursuivre leur apprentissage d\u00e8s qu&rsquo;ils en ont l&rsquo;occasion aupr\u00e8s d&rsquo;autres groupes et chercheurs \u00e0 travers le monde.<\/p>\n                    <p>Jeunes, dynamiques, ils vous invitent \u00e0 venir partager leur passion de la danse de couple dans des cours cr\u00e9atifs et innovants.<\/p>\n                  <\/div>\n                <\/div>\n              <\/div>\n            <\/div>\n          <\/div>\n          <div class=\"h-column h-column-container d-flex h-col-lg-auto h-col-md-auto h-col-auto style-446-outer style-local-110-c7-outer\">\n            <div data-colibri-id=\"110-c7\" class=\"d-flex h-flex-basis h-column__inner h-px-lg-0 h-px-md-0 h-px-0 v-inner-lg-0 v-inner-md-0 v-inner-0 style-446 style-local-110-c7 position-relative\">\n              <!---->\n              <!---->\n              <div class=\"w-100 h-y-container h-column__content h-column__v-align flex-basis-100 align-self-lg-center align-self-md-center align-self-center\">\n                <!---->\n                <div data-colibri-id=\"110-c8\" class=\"h-text h-text-component style-447 style-local-110-c8 position-relative h-element\">\n                  <!---->\n                  <!---->\n                  <div class=\"\">\n                    <div id=\"metaslider-id-638\" style=\"width: 100%;\" class=\"ml-slider-3-31-0 metaslider metaslider-flex metaslider-638 ml-slider ms-theme-default\">\n    <div id=\"metaslider_container_638\">\n        <div id=\"metaslider_638\">\n            <ul aria-live=\"polite\" class=\"slides\">\n                <li style=\"display: none; width: 100%;\" class=\"slide-727 ms-image\"><img src=\"https:\/\/affordanse.fr\/wp-content\/uploads\/2020\/02\/MEETJU-affordanse-0001-600x600.jpg\" height=\"600\" width=\"600\" alt=\"\" class=\"slider-638 slide-727\" title=\"MEETJU-affordanse-0001\" \/><\/li>\n                <li style=\"display: none; width: 100%;\" class=\"slide-728 ms-image\"><img src=\"https:\/\/affordanse.fr\/wp-content\/uploads\/2020\/02\/MEETJU-affordanse-0002-600x600.jpg\" height=\"600\" width=\"600\" alt=\"\" class=\"slider-638 slide-728\" title=\"MEETJU-affordanse-0002\" \/><\/li>\n                <li style=\"display: none; width: 100%;\" class=\"slide-729 ms-image\"><img src=\"https:\/\/affordanse.fr\/wp-content\/uploads\/2020\/02\/MEETJU-affordanse-0003-600x600.jpg\" height=\"600\" width=\"600\" alt=\"\" class=\"slider-638 slide-729\" title=\"MEETJU-affordanse-0003\" \/><\/li>\n                <li style=\"display: none; width: 100%;\" class=\"slide-730 ms-image\"><img src=\"https:\/\/affordanse.fr\/wp-content\/uploads\/2020\/02\/MEETJU-affordanse-0004-600x600.jpg\" height=\"600\" width=\"600\" alt=\"\" class=\"slider-638 slide-730\" title=\"MEETJU-affordanse-0004\" \/><\/li>\n                <li style=\"display: none; width: 100%;\" class=\"slide-731 ms-image\"><img src=\"https:\/\/affordanse.fr\/wp-content\/uploads\/2020\/02\/MEETJU-affordanse-0005-600x600.jpg\" height=\"600\" width=\"600\" alt=\"\" class=\"slider-638 slide-731\" title=\"MEETJU-affordanse-0005\" \/><\/li>\n                <li style=\"display: none; width: 100%;\" class=\"slide-732 ms-image\"><img src=\"https:\/\/affordanse.fr\/wp-content\/uploads\/2020\/02\/MEETJU-affordanse-0006-600x600.jpg\" height=\"600\" width=\"600\" alt=\"\" class=\"slider-638 slide-732\" title=\"MEETJU-affordanse-0006\" \/><\/li>\n                <li style=\"display: none; width: 100%;\" class=\"slide-733 ms-image\"><img src=\"https:\/\/affordanse.fr\/wp-content\/uploads\/2020\/02\/MEETJU-affordanse-0007-600x600.jpg\" height=\"600\" width=\"600\" alt=\"\" class=\"slider-638 slide-733\" title=\"MEETJU-affordanse-0007\" \/><\/li>\n                <li style=\"display: none; width: 100%;\" class=\"slide-734 ms-image\"><img src=\"https:\/\/affordanse.fr\/wp-content\/uploads\/2020\/02\/MEETJU-affordanse-0008-600x600.jpg\" height=\"600\" width=\"600\" alt=\"\" class=\"slider-638 slide-734\" title=\"MEETJU-affordanse-0008\" \/><\/li>\n                <li style=\"display: none; width: 100%;\" class=\"slide-735 ms-image\"><img src=\"https:\/\/affordanse.fr\/wp-content\/uploads\/2020\/02\/MEETJU-affordanse-0009-600x600.jpg\" height=\"600\" width=\"600\" alt=\"\" class=\"slider-638 slide-735\" title=\"MEETJU-affordanse-0009\" \/><\/li>\n                <li style=\"display: none; width: 100%;\" class=\"slide-737 ms-image\"><img src=\"https:\/\/affordanse.fr\/wp-content\/uploads\/2020\/02\/MEETJU-affordanse-0011-600x600.jpg\" height=\"600\" width=\"600\" alt=\"\" class=\"slider-638 slide-737\" title=\"MEETJU-affordanse-0011\" \/><\/li>\n            <\/ul>\n        <\/div>\n        \n    <\/div>\n<\/div>\n                  <\/div>\n                <\/div>\n              <\/div>\n            <\/div>\n          <\/div>\n        <\/div>\n      <\/div>\n      <div data-colibri-id=\"110-c9\" class=\"h-row-container gutters-row-lg-2 gutters-row-md-2 gutters-row-0 gutters-row-v-lg-2 gutters-row-v-md-2 gutters-row-v-2 style-218 style-local-110-c9 position-relative\">\n        <!---->\n        <div class=\"h-row justify-content-lg-center justify-content-md-center justify-content-center align-items-lg-stretch align-items-md-stretch align-items-stretch gutters-col-lg-2 gutters-col-md-2 gutters-col-0 gutters-col-v-lg-2 gutters-col-v-md-2 gutters-col-v-2\">\n          <!---->\n          <div class=\"h-column h-column-container d-flex h-col-lg-auto h-col-md-auto h-col-auto style-219-outer style-local-110-c10-outer\">\n            <div data-colibri-id=\"110-c10\" class=\"d-flex h-flex-basis h-column__inner h-px-lg-2 h-px-md-2 h-px-2 v-inner-lg-2 v-inner-md-2 v-inner-2 style-219 style-local-110-c10 position-relative\">\n              <!---->\n              <!---->\n              <div class=\"w-100 h-y-container h-column__content h-column__v-align flex-basis-100 align-self-lg-start align-self-md-start align-self-start\">\n                <!---->\n                <div data-colibri-id=\"110-c11\" class=\"h-global-transition-all h-heading style-623 style-local-110-c11 position-relative h-element\">\n                  <!---->\n                  <div class=\"h-heading__outer style-623 style-local-110-c11\">\n                    <!---->\n                    <!---->\n                    <h2 class=\"\">Marie-Emilie<\/h2>\n                  <\/div>\n                <\/div>\n                <div data-colibri-id=\"110-c12\" class=\"h-text h-text-component style-222 style-local-110-c12 position-relative h-element\">\n                  <!---->\n                  <!---->\n                  <div class=\"\">\n                    <p>Accro \u00e0 la danse, elle pratique quotidiennement ce sport et cet art sans limites de temps et de g\u00e9ographie. Elle commence en 2002 par le hip hop avec Rashead Amenzu, puis continue avec la danse orientale. En parall\u00e8le, elle poursuivit\n                      \u00e0 l&rsquo;\u00e9cole de danse de l&rsquo;Orph\u00e9on en classique avec Catherine Creton et en classique et modern&rsquo;jazz avec Marie-Bernard Soots. Avec lesquelles elle participera aux revues de l&rsquo;Orph\u00e9on (de 2004 \u00e0 2007). Apr\u00e8s un d\u00e9tour en modern&rsquo;Jazz\n                      \u00e0 l&rsquo;Acad\u00e9mie de danse Jacquemin de Lille, en avant pour la danse de caract\u00e8re.<\/p>\n                    <p>Aujourd&rsquo;hui leur parcours les a amen\u00e9 \u00e0 la danse sportive chez Sven Balcerzac \u00e0 Bailleul, puis \u00e0 la comp\u00e9tition! Dipl\u00f4m\u00e9e d&rsquo;un master de recherches en sciences historiques, Marie-Emilie mena ses travaux de recherches sur l&rsquo;histoire\n                      des bals et r\u00e9ceptions sous le Second Empire (1852-1870).<\/p>\n                    <p>Dans son m\u00e9tier (prof hist g\u00e9o) comme pour sa passion de la danse, un credo : Apprendre et partager dans la bonne humeur !<\/p>\n                    <p>\n                      <br>\n                    <\/p>\n                  <\/div>\n                <\/div>\n                <div data-colibri-id=\"110-c13\" class=\"d-block style-620 style-local-110-c13 position-relative h-element\">\n                  <!---->\n                  <div class=\"h-image__frame-container-outer\">\n                    <div class=\"h-image__frame-container\">\n                      <!---->\n                      <!---->\n                      <img decoding=\"async\" src=\"http:\/\/affordanse.fr\/wp-content\/uploads\/2023\/03\/cropped-Touquet-2022_03_27-Thierry-Liar-169-scaled-1-300x298.jpg\" class=\"style-620-image style-local-110-c13-image\">\n                      <div class=\"h-image__frame h-hide-lg h-hide-md h-hide-sm style-620-frameImage style-local-110-c13-frameImage\"><\/div>\n                    <\/div>\n                  <\/div>\n                <\/div>\n              <\/div>\n            <\/div>\n          <\/div>\n          <div class=\"h-column h-column-container d-flex h-col-lg-auto h-col-md-auto h-col-auto style-220-outer style-local-110-c14-outer\">\n            <div data-colibri-id=\"110-c14\" class=\"d-flex h-flex-basis h-column__inner h-px-lg-2 h-px-md-2 h-px-2 v-inner-lg-2 v-inner-md-2 v-inner-2 style-220 style-local-110-c14 position-relative\">\n              <!---->\n              <!---->\n              <div class=\"w-100 h-y-container h-column__content h-column__v-align flex-basis-100 align-self-lg-start align-self-md-start align-self-start\">\n                <!---->\n                <div data-colibri-id=\"110-c15\" class=\"h-global-transition-all h-heading style-624 style-local-110-c15 position-relative h-element\">\n                  <!---->\n                  <div class=\"h-heading__outer style-624 style-local-110-c15\">\n                    <!---->\n                    <!---->\n                    <h2 class=\"\">Julien<\/h2>\n                  <\/div>\n                <\/div>\n                <div data-colibri-id=\"110-c16\" class=\"h-text h-text-component style-223 style-local-110-c16 position-relative h-element\">\n                  <!---->\n                  <!---->\n                  <div class=\"\">\n                    <p>Passionn\u00e9 de danse et de musique, Julien a travaill\u00e9, en tant que documentaliste aupr\u00e8s de la chor\u00e9graphe am\u00e9ricaine Caroline Carlson au Centre Chor\u00e9graphique National de Roubaix et avec la biblioth\u00e8que de l&rsquo;Op\u00e9ra de Paris sur la conservation\n                      de la documentation de la danse. Il a d\u00e9couvert la danse de salon gr\u00e2ce \u00e0 Marie-Emilie&#8230; Puis Julien l&rsquo;a entrain\u00e9 en Tango Argentin&#8230; Puis Marie-Emilie, \u00e0 son tour, en danses du XIX\u00e8me si\u00e8cle&#8230;De l\u00e0 leur parcours les mena en danse\n                      sportive, puis \u00e0 la comp\u00e9tition! Ayant suivit de nombreuses formations, il commence \u00e0 donner des cours de danse de salon avec Marie-Emilie en 2007. Intuitif et p\u00e9dagogue, il cherche \u00e0 cr\u00e9er une harmonie et un plaisir de danser entre\n                      les couples lors de cours de danse.<\/p>\n                    <p>Maintenant sp\u00e9cialis\u00e9 dans la seconde partie du XIXe si\u00e8cle et le d\u00e9but du XXe si\u00e8cle, il m\u00e8ne de nombreuses recherches sur les danses pratiqu\u00e9es dans les salons en Europe et outre Atlantique. Chaque r\u00e9sultat est l&rsquo;occasion de reconstituer\n                      ou r\u00e9interpr\u00e9ter ce qui a \u00e9t\u00e9 fait puis de le partager sans limites.&nbsp;&nbsp;<\/p>\n                  <\/div>\n                <\/div>\n                <div data-colibri-id=\"110-c17\" class=\"d-block style-621 style-local-110-c17 position-relative h-element\">\n                  <!---->\n                  <div class=\"h-image__frame-container-outer\">\n                    <div class=\"h-image__frame-container\">\n                      <!---->\n                      <!---->\n                      <img decoding=\"async\" src=\"http:\/\/affordanse.fr\/wp-content\/uploads\/2023\/03\/cropped-311330097_483923777107973_871041546999756057_n-248x300.jpg\" class=\"style-621-image style-local-110-c17-image\">\n                      <div class=\"h-image__frame h-hide-lg h-hide-md h-hide-sm style-621-frameImage style-local-110-c17-frameImage\"><\/div>\n                    <\/div>\n                  <\/div>\n                <\/div>\n              <\/div>\n            <\/div>\n          <\/div>\n        <\/div>\n      <\/div>\n    <\/div>\n  <\/div>\n<\/div>","protected":false},"excerpt":{"rendered":"<p>Ne jamais arr\u00eater de danser Marie-Emilie et Julien sont partenaires dans la vie comme dans la danse. Danseurs, comp\u00e9titeurs et enseignants en danses historiques, ils sont aussi dipl\u00f4m\u00e9s de la formation de l&rsquo;Institut de Formation en Danses de Soci\u00e9t\u00e9 de Toulouse. Passionn\u00e9s d&rsquo;histoire, de danse et de musique, ils transmettent et reconstituent les danses historiques [&hellip;]<\/p>\n","protected":false},"author":1,"featured_media":0,"parent":0,"menu_order":0,"comment_status":"closed","ping_status":"closed","template":"page-templates\/full-width-page.php","meta":{"ngg_post_thumbnail":0},"yoast_head":"<!-- This site is optimized with the Yoast SEO plugin v20.3 - https:\/\/yoast.com\/wordpress\/plugins\/seo\/ -->\n<title>La prof Marie-Emilie Cappel - Affordanse<\/title>\n<meta name=\"robots\" content=\"index, follow, max-snippet:-1, max-image-preview:large, max-video-preview:-1\" \/>\n<link rel=\"canonical\" href=\"https:\/\/affordanse.fr\/index.php\/la-prof-marie-emilie\/\" \/>\n<meta property=\"og:locale\" content=\"fr_FR\" \/>\n<meta property=\"og:type\" content=\"article\" \/>\n<meta property=\"og:title\" content=\"La prof Marie-Emilie Cappel - Affordanse\" \/>\n<meta property=\"og:description\" content=\"Ne jamais arr\u00eater de danser Marie-Emilie et Julien sont partenaires dans la vie comme dans la danse. Danseurs, comp\u00e9titeurs et enseignants en danses historiques, ils sont aussi dipl\u00f4m\u00e9s de la formation de l&rsquo;Institut de Formation en Danses de Soci\u00e9t\u00e9 de Toulouse. Passionn\u00e9s d&rsquo;histoire, de danse et de musique, ils transmettent et reconstituent les danses historiques [&hellip;]\" \/>\n<meta property=\"og:url\" content=\"https:\/\/affordanse.fr\/index.php\/la-prof-marie-emilie\/\" \/>\n<meta property=\"og:site_name\" content=\"Affordanse\" \/>\n<meta property=\"article:modified_time\" content=\"2024-03-10T12:43:14+00:00\" \/>\n<meta property=\"og:image\" content=\"http:\/\/affordanse.fr\/wp-content\/uploads\/2023\/03\/cropped-Touquet-2022_03_27-Thierry-Liar-169-scaled-1-300x298.jpg\" \/>\n<meta name=\"twitter:card\" content=\"summary_large_image\" \/>\n<meta name=\"twitter:label1\" content=\"Dur\u00e9e de lecture estim\u00e9e\" \/>\n\t<meta name=\"twitter:data1\" content=\"2 minutes\" \/>\n<script type=\"application\/ld+json\" class=\"yoast-schema-graph\">{\"@context\":\"https:\/\/schema.org\",\"@graph\":[{\"@type\":\"WebPage\",\"@id\":\"https:\/\/affordanse.fr\/index.php\/la-prof-marie-emilie\/\",\"url\":\"https:\/\/affordanse.fr\/index.php\/la-prof-marie-emilie\/\",\"name\":\"La prof Marie-Emilie Cappel - Affordanse\",\"isPartOf\":{\"@id\":\"https:\/\/affordanse.fr\/#website\"},\"datePublished\":\"2020-03-11T12:49:17+00:00\",\"dateModified\":\"2024-03-10T12:43:14+00:00\",\"breadcrumb\":{\"@id\":\"https:\/\/affordanse.fr\/index.php\/la-prof-marie-emilie\/#breadcrumb\"},\"inLanguage\":\"fr-FR\",\"potentialAction\":[{\"@type\":\"ReadAction\",\"target\":[\"https:\/\/affordanse.fr\/index.php\/la-prof-marie-emilie\/\"]}]},{\"@type\":\"BreadcrumbList\",\"@id\":\"https:\/\/affordanse.fr\/index.php\/la-prof-marie-emilie\/#breadcrumb\",\"itemListElement\":[{\"@type\":\"ListItem\",\"position\":1,\"name\":\"Accueil\",\"item\":\"https:\/\/affordanse.fr\/\"},{\"@type\":\"ListItem\",\"position\":2,\"name\":\"La prof Marie-Emilie Cappel\"}]},{\"@type\":\"WebSite\",\"@id\":\"https:\/\/affordanse.fr\/#website\",\"url\":\"https:\/\/affordanse.fr\/\",\"name\":\"Affordanse\",\"description\":\"Reconstitution danse historique XIXe si\u00e8cle et XXe si\u00e8cle\",\"publisher\":{\"@id\":\"https:\/\/affordanse.fr\/#organization\"},\"potentialAction\":[{\"@type\":\"SearchAction\",\"target\":{\"@type\":\"EntryPoint\",\"urlTemplate\":\"https:\/\/affordanse.fr\/?s={search_term_string}\"},\"query-input\":\"required name=search_term_string\"}],\"inLanguage\":\"fr-FR\"},{\"@type\":\"Organization\",\"@id\":\"https:\/\/affordanse.fr\/#organization\",\"name\":\"Affordanse\",\"url\":\"https:\/\/affordanse.fr\/\",\"logo\":{\"@type\":\"ImageObject\",\"inLanguage\":\"fr-FR\",\"@id\":\"https:\/\/affordanse.fr\/#\/schema\/logo\/image\/\",\"url\":\"http:\/\/affordanse.fr\/wp-content\/uploads\/2020\/02\/cropped-logo-affordanse-HD-transparant-1-e1581943080126.png\",\"contentUrl\":\"http:\/\/affordanse.fr\/wp-content\/uploads\/2020\/02\/cropped-logo-affordanse-HD-transparant-1-e1581943080126.png\",\"width\":300,\"height\":108,\"caption\":\"Affordanse\"},\"image\":{\"@id\":\"https:\/\/affordanse.fr\/#\/schema\/logo\/image\/\"}}]}<\/script>\n<!-- \/ Yoast SEO plugin. -->","yoast_head_json":{"title":"La prof Marie-Emilie Cappel - Affordanse","robots":{"index":"index","follow":"follow","max-snippet":"max-snippet:-1","max-image-preview":"max-image-preview:large","max-video-preview":"max-video-preview:-1"},"canonical":"https:\/\/affordanse.fr\/index.php\/la-prof-marie-emilie\/","og_locale":"fr_FR","og_type":"article","og_title":"La prof Marie-Emilie Cappel - Affordanse","og_description":"Ne jamais arr\u00eater de danser Marie-Emilie et Julien sont partenaires dans la vie comme dans la danse. Danseurs, comp\u00e9titeurs et enseignants en danses historiques, ils sont aussi dipl\u00f4m\u00e9s de la formation de l&rsquo;Institut de Formation en Danses de Soci\u00e9t\u00e9 de Toulouse. Passionn\u00e9s d&rsquo;histoire, de danse et de musique, ils transmettent et reconstituent les danses historiques [&hellip;]","og_url":"https:\/\/affordanse.fr\/index.php\/la-prof-marie-emilie\/","og_site_name":"Affordanse","article_modified_time":"2024-03-10T12:43:14+00:00","og_image":[{"url":"http:\/\/affordanse.fr\/wp-content\/uploads\/2023\/03\/cropped-Touquet-2022_03_27-Thierry-Liar-169-scaled-1-300x298.jpg"}],"twitter_card":"summary_large_image","twitter_misc":{"Dur\u00e9e de lecture estim\u00e9e":"2 minutes"},"schema":{"@context":"https:\/\/schema.org","@graph":[{"@type":"WebPage","@id":"https:\/\/affordanse.fr\/index.php\/la-prof-marie-emilie\/","url":"https:\/\/affordanse.fr\/index.php\/la-prof-marie-emilie\/","name":"La prof Marie-Emilie Cappel - Affordanse","isPartOf":{"@id":"https:\/\/affordanse.fr\/#website"},"datePublished":"2020-03-11T12:49:17+00:00","dateModified":"2024-03-10T12:43:14+00:00","breadcrumb":{"@id":"https:\/\/affordanse.fr\/index.php\/la-prof-marie-emilie\/#breadcrumb"},"inLanguage":"fr-FR","potentialAction":[{"@type":"ReadAction","target":["https:\/\/affordanse.fr\/index.php\/la-prof-marie-emilie\/"]}]},{"@type":"BreadcrumbList","@id":"https:\/\/affordanse.fr\/index.php\/la-prof-marie-emilie\/#breadcrumb","itemListElement":[{"@type":"ListItem","position":1,"name":"Accueil","item":"https:\/\/affordanse.fr\/"},{"@type":"ListItem","position":2,"name":"La prof Marie-Emilie Cappel"}]},{"@type":"WebSite","@id":"https:\/\/affordanse.fr\/#website","url":"https:\/\/affordanse.fr\/","name":"Affordanse","description":"Reconstitution danse historique XIXe si\u00e8cle et XXe si\u00e8cle","publisher":{"@id":"https:\/\/affordanse.fr\/#organization"},"potentialAction":[{"@type":"SearchAction","target":{"@type":"EntryPoint","urlTemplate":"https:\/\/affordanse.fr\/?s={search_term_string}"},"query-input":"required name=search_term_string"}],"inLanguage":"fr-FR"},{"@type":"Organization","@id":"https:\/\/affordanse.fr\/#organization","name":"Affordanse","url":"https:\/\/affordanse.fr\/","logo":{"@type":"ImageObject","inLanguage":"fr-FR","@id":"https:\/\/affordanse.fr\/#\/schema\/logo\/image\/","url":"http:\/\/affordanse.fr\/wp-content\/uploads\/2020\/02\/cropped-logo-affordanse-HD-transparant-1-e1581943080126.png","contentUrl":"http:\/\/affordanse.fr\/wp-content\/uploads\/2020\/02\/cropped-logo-affordanse-HD-transparant-1-e1581943080126.png","width":300,"height":108,"caption":"Affordanse"},"image":{"@id":"https:\/\/affordanse.fr\/#\/schema\/logo\/image\/"}}]}},"_links":{"self":[{"href":"https:\/\/affordanse.fr\/index.php\/wp-json\/wp\/v2\/pages\/110"}],"collection":[{"href":"https:\/\/affordanse.fr\/index.php\/wp-json\/wp\/v2\/pages"}],"about":[{"href":"https:\/\/affordanse.fr\/index.php\/wp-json\/wp\/v2\/types\/page"}],"author":[{"embeddable":true,"href":"https:\/\/affordanse.fr\/index.php\/wp-json\/wp\/v2\/users\/1"}],"replies":[{"embeddable":true,"href":"https:\/\/affordanse.fr\/index.php\/wp-json\/wp\/v2\/comments?post=110"}],"version-history":[{"count":18,"href":"https:\/\/affordanse.fr\/index.php\/wp-json\/wp\/v2\/pages\/110\/revisions"}],"predecessor-version":[{"id":2895,"href":"https:\/\/affordanse.fr\/index.php\/wp-json\/wp\/v2\/pages\/110\/revisions\/2895"}],"wp:attachment":[{"href":"https:\/\/affordanse.fr\/index.php\/wp-json\/wp\/v2\/media?parent=110"}],"curies":[{"name":"wp","href":"https:\/\/api.w.org\/{rel}","templated":true}]}}